 prime factors of 33945743.
13, 2611211
List the prime factors of 340344467.
340344467
What are the prime factors of 424262491?
424262491
What are the prime factors of 65352308?
2, 7, 1447, 1613
List the prime factors of 1218561881.
31511, 38671
What are the prime factors of 2313408281?
337, 6864713
What are the prime factors of 178239695?
5, 35647939
List the prime factors of 701080956.
2, 3, 19474471
What are the prime factors of 176994090?
2, 3, 5, 7, 13, 21611
List the prime factors of 996694584.
2, 3, 41, 293, 3457
List the prime factors of 254866051.
11, 373, 5647
What are the prime factors of 167295688?
2, 7, 1153, 2591
List the prime factors of 360803515.
5, 5413, 13331
What are the prime factors of 73867368?
2, 3, 353, 8719
List the prime factors of 367507889.
7, 241, 31121
List the prime factors of 173796517.
173796517
List the prime factors of 461497645.
5, 7, 23, 573289
What are the prime factors of 296170732?
2, 11, 13, 103, 457
List the prime factors of 398084649.
3, 113, 631, 1861
What are the prime factors of 23922106?
2, 13, 41, 22441
What are the prime factors of 89237393?
7, 487, 26177
List the prime factors of 309392926.
2, 154696463
List the prime factors of 1975574439.
3, 219508271
What are the prime factors of 64204812?
2, 3, 7, 28309
What are the prime factors of 209720500?
2, 5, 11, 17, 2243
What are the prime factors of 1065467591?
1065467591
What are the prime factors of 3295384213?
11, 67, 4471349
What are the prime factors of 122928815?
5, 463, 53101
What are the prime factors of 316231618?
2, 158115809
What are the prime factors of 61184201?
13, 523, 8999
List the prime factors of 2334491599.
11, 19293319
List the prime factors of 318170043.
3, 35352227
What are the prime factors of 444647067?
3, 1559, 95071
List the prime factors of 1849354063.
1973, 937331
List the prime factors of 169552156.
2, 521, 81359
What are the prime factors of 100717591?
13, 643, 12049
List the prime factors of 53643055.
5, 10728611
What are the prime factors of 545184985?
5, 17, 23, 278867
What are the prime factors of 1658184714?
2, 3, 3617, 25469
List the prime factors of 175477461.
3, 47, 1244521
What are the prime factors of 3261995447?
23, 1721, 3583
List the prime factors of 798684812.
2, 37, 5396519
What are the prime factors of 382665852?
2, 3, 17, 19, 32909
What are the prime factors of 229422543?
3, 7, 10924883
List the prime factors of 386791134.
2, 3, 67, 563, 1709
List the prime factors of 38502231.
3, 379, 33863
What are the prime factors of 1175248666?
2, 587624333
What are the prime factors of 51095744?
2, 7, 17, 6709
List the prime factors of 271010487.
3, 11, 8212439
What are the prime factors of 34417129?
17, 233, 8689
List the prime factors of 644957195.
5, 128991439
What are the prime factors of 58311878?
2, 241, 311, 389
What are the prime factors of 43142376?
2, 3, 599, 3001
List the prime factors of 27579781.
757, 36433
List the prime factors of 98977577.
127, 779351
List the prime factors of 270202421.
691, 391031
List the prime factors of 196673896.
2, 167, 147211
List the prime factors of 406189102.
2, 11, 18463141
What are the prime factors of 1313455209?
3, 11, 127, 313399
What are the prime factors of 11130009?
3, 11, 367, 919
List the prime factors of 23282234.
2, 1181, 9857
List the prime factors of 41828623.
41828623
What are the prime factors of 100562704?
2, 11, 47, 12157
What are the prime factors of 640696583?
640696583
What are the prime factors of 105216643?
7, 61, 239, 1031
List the prime factors of 3769049561.
3769049561
List the prime factors of 4575764512.
2, 11, 12999331
What are the prime factors of 65675771?
7, 199, 47147
What are the prime factors of 456500141?
31, 14725811
List the prime factors of 413304976.
2, 7, 73, 50551
What are the prime factors of 1451450796?
2, 3, 120954233
List the prime factors of 53406327.
3, 13, 1369393
List the prime factors of 64484359.
101, 638459
List the prime factors of 130147852.
2, 17, 1913939
What are the prime factors of 436790287?
131, 1229, 2713
List the prime factors of 228872401.
79, 2897119
What are the prime factors of 4481118403?
19, 235848337
What are the prime factors of 685827109?
11, 347, 353, 509
What are the prime factors of 73650408?
2, 3, 13, 59, 4001
List the prime factors of 1254430601.
1254430601
List the prime factors of 4415890299.
3, 1471963433
List the prime factors of 15734324.
2, 37, 41, 2593
What are the prime factors of 734646620?
2, 5, 36732331
What are the prime factors of 679087790?
2, 5, 67908779
List the prime factors of 276900032.
2, 367, 11789
What are the prime factors of 957754126?
2, 7, 17, 769, 5233
List the prime factors of 39890571.
3, 7, 97, 19583
List the prime factors of 225989111.
179, 1262509
What are the prime factors of 3559087699?
2153, 1653083
List the prime factors of 60341193.
3, 11, 67723
What are the prime factors of 957935007?
3, 379, 280837
What are the prime factors of 3266024682?
2, 3, 941, 578467
List the prime factors of 2166012973.
101, 21445673
List the prime factors of 198166325.
5, 7, 41, 71, 389
List the prime factors of 4460299375.
5, 7, 31, 32887
What are the prime factors of 31679582?
2, 11, 31, 46451
List the prime factors of 315578963.
7, 2089, 3083
What are the prime factors of 290287878?
2, 3, 131, 139, 2657
List the prime factors of 231458620.
2, 5, 11572931
What are the prime factors of 606859809?
3, 107, 1890529
What are the prime factors of 507869912?
2, 11, 113, 4643
List the prime factors of 53692636.
2, 1423, 9433
What are the prime factors of 2681362259?
12941, 207199
List the prime factors of 85147043.
389, 218887
What are the prime factors of 160824465?
3, 5, 3573877
List the prime factors of 40983177.
3, 29, 139, 3389
What are the prime factors of 1205244986?
2, 11, 127, 431369
List the prime factors of 1355259048.
2, 3, 11, 13, 35899
What are the prime factors of 167646257?
167646257
What are the prime factors of 938400643?
271, 829, 4177
List the prime factors of 385459018.
2, 7, 271, 283, 359
What are the prime factors of 273326440?
2, 5, 643, 10627
What are the prime factors of 43984443?
3, 31, 109, 4339
List the prime factors of 2103715162.
2, 1447, 726923
What are the prime factors of 167881682?
2, 19, 1433, 3083
What are the prime factors of 1296515283?
3, 7, 61738823
List the prime factors of 43110435.
3, 5, 2874029
List the prime factors of 1552415270.
2, 5, 7, 22177361
What are the prime factors of 73892923?
13, 5684071
What are the prime factors of 888374803?
149, 307, 19421
What are the prime factors of 1051568168?
2, 7, 83, 226241
List the prime factors of 8546495795.
5, 1709299159
What are the prime factors of 502703698?
2, 7, 35907407
What are the prime factors of 67791313?
61, 1111333
What are the prime factors of 89488204?
2, 13, 17, 599
What are the prime factors of 299357175?
3, 5, 13, 307033
List the prime factors of 583214161.
149, 3914189
List the prime factors of 1159240417.
463, 2503759
What are the prime factors of 154619686?
2, 13, 103, 57737
List the prime factors of 144685505.
5, 47, 263, 2341
What are the prime factors of 406768320?
2, 3, 5, 7, 20177
List the prime factors of 204304982.
2, 7, 61, 239233
What are the prime factors of 242734075?
5, 17, 439, 1301
List the prime factors of 28985850.
2, 3, 5, 17, 421
List the prime factors of 3138762373.
457, 6868189
What are the prime factors of 110547278?
2, 55273639
List the prime factors of 633194682.
2, 3, 17, 293, 21187
What are the prime factors of 175998287?
191, 921457
List the prime factors of 27076259.
7, 131, 29527
List the prime factors of 265879139.
151, 463, 3803
List the prime factors of 2132051167.
2132051167
List the prime factors of 20171351.
20171351
What are the prime factors of 208105299?
3, 41, 563971
List the prime factors of 374687959.
374687959
What are the prime factors of 1562709366?
2, 3, 6277, 13831
List the prime factors of 133283040.
2, 3, 5, 11, 25243
What are the prime factors of 105008500?
2, 5, 103, 2039
List the prime factors of 271052389.
271052389
List the prime factors of 216223076.
2, 54055769
What are the prime factors of 1306234100?
2, 5, 17, 768373
What are the prime factors of 41270612?
2, 10317653
What are the prime factors of 76879009?
643, 11956